 when 847757 is divided by 89.
32
Calculate the remainder when 10156879 is divided by 1753.
1750
Calculate the remainder when 588006598 is divided by 1048.
1046
Calculate the remainder when 245435 is divided by 81794.
53
What is the remainder when 487690 is divided by 243838?
14
Calculate the remainder when 22235103 is divided by 454.
453
Calculate the remainder when 12215840 is divided by 235.
70
What is the remainder when 75317539 is divided by 13?
11
What is the remainder when 2343962 is divided by 73246?
90
Calculate the remainder when 218427 is divided by 232.
115
Calculate the remainder when 33269129 is divided by 978503.
27
Calculate the remainder when 11212 is divided by 5382.
448
Calculate the remainder when 6623512 is divided by 3311282.
948
Calculate the remainder when 196 is divided by 27.
7
Calculate the remainder when 1140523 is divided by 3126.
2659
Calculate the remainder when 16078 is divided by 220.
18
What is the remainder when 822762 is divided by 117499?
269
Calculate the remainder when 56861139 is divided by 49.
20
Calculate the remainder when 189881058 is divided by 3797621.
8
What is the remainder when 71166496 is divided by 1094869?
11
Calculate the remainder when 34214287 is divided by 1868.
1867
What is the remainder when 331255 is divided by 66243?
40
What is the remainder when 539842 is divided by 2022?
1990
What is the remainder when 1819019 is divided by 25?
19
What is the remainder when 39878 is divided by 4793?
1534
Calculate the remainder when 6840541 is divided by 621858.
103
Calculate the remainder when 155319 is divided by 318.
135
Calculate the remainder when 230620 is divided by 230543.
77
What is the remainder when 1248454 is divided by 6822?
28
Calculate the remainder when 38845153 is divided by 7.
4
Calculate the remainder when 344636891 is divided by 452.
451
Calculate the remainder when 142667 is divided by 2337.
110
Calculate the remainder when 120788 is divided by 2725.
888
What is the remainder when 15556869 is divided by 7?
6
What is the remainder when 305260 is divided by 364?
228
What is the remainder when 2931812 is divided by 418830?
2
What is the remainder when 26762381 is divided by 652741?
0
Calculate the remainder when 505940510 is divided by 266.
264
What is the remainder when 812052 is divided by 30076?
0
Calculate the remainder when 152468 is divided by 6829.
2230
Calculate the remainder when 1447629 is divided by 129.
120
Calculate the remainder when 24658328 is divided by 100237.
26
Calculate the remainder when 19938541 is divided by 9969270.
1
Calculate the remainder when 3019792 is divided by 10449.
31
Calculate the remainder when 1164492 is divided by 6362.
246
Calculate the remainder when 55204 is divided by 27532.
140
What is the remainder when 2194435 is divided by 277?
41
Calculate the remainder when 1594461 is divided by 531484.
9
Calculate the remainder when 44686 is divided by 50.
36
What is the remainder when 1691756 is divided by 1105?
1
What is the remainder when 563950 is divided by 23496?
46
Calculate the remainder when 2050623 is divided by 31.
4
Calculate the remainder when 120703 is divided by 5.
3
What is the remainder when 181289 is divided by 2880?
2729
What is the remainder when 2170185 is divided by 884?
849
What is the remainder when 4026429 is divided by 366035?
44
Calculate the remainder when 6715297 is divided by 1215.
1207
What is the remainder when 11772821 is divided by 33?
5
Calculate the remainder when 288094653 is divided by 24.
21
Calculate the remainder when 114866 is divided by 2550.
116
Calculate the remainder when 11105281 is divided by 960.
1
Calculate the remainder when 783206 is divided by 156522.
596
What is the remainder when 43320406 is divided by 14?
10
What is the remainder when 91834 is divided by 2087?
6
Calculate the remainder when 2050578 is divided by 1186.
1170
What is the remainder when 7824132 is divided by 165?
162
Calculate the remainder when 3908395 is divided by 965.
145
What is the remainder when 36860626 is divided by 644?
642
Calculate the remainder when 72099549 is divided by 425.
424
What is the remainder when 5909036 is divided by 138?
14
Calculate the remainder when 13919039 is divided by 1546551.
80
Calculate the remainder when 67374 is divided by 963.
927
Calculate the remainder when 930200 is divided by 1458.
1454
Calculate the remainder when 23618314 is divided by 1393.
1392
What is the remainder when 19535330 is divided by 26?
22
Calculate the remainder when 1064742 is divided by 165.
162
What is the remainder when 48600 is divided by 528?
24
What is the remainder when 3965841 is divided by 92?
89
What is the remainder when 1861024 is divided by 97943?
107
Calculate the remainder when 193742600 is divided by 3451.
9
Calculate the remainder when 326303 is divided by 326.
303
Calculate the remainder when 70551038 is divided by 8.
6
Calculate the remainder when 53570109 is divided by 5664.
5661
Calculate the remainder when 194163 is divided by 2239.
1609
Calculate the remainder when 2222358 is divided by 1403.
6
What is the remainder when 40359837 is divided by 48?
45
What is the remainder when 56733 is divided by 18646?
795
Calculate the remainder when 4969979 is divided by 128.
123
What is the remainder when 535355 is divided by 89207?
113
What is the remainder when 804117 is divided by 100514?
5
What is the remainder when 44956 is divided by 3809?
3057
What is the remainder when 4239559 is divided by 3782?
3719
What is the remainder when 46102780 is divided by 29591?
2
What is the remainder when 4650079 is divided by 21233?
52
What is the remainder when 758935 is divided by 621?
73
Calculate the remainder when 5867812 is divided by 971.
59
Calculate the remainder when 106209120 is divided by 55.
50
Calculate the remainder when 2558946 is divided by 59.
57
What is the remainder when 171143 is divided by 3113?
3041
Calculate the remainder when 25302 is divided by 2504.
262
Calculate the remainder when 38620 is divided by 382.
38
What is the remainder when 32864807 is divided by 16?
7
What is the remainder when 48184079 is divided by 1032?
1031
Calculate the remainder when 305278 is divided by 30526.
18
Calculate the remainder when 915064 is divided by 2578.
2452
What is the remainder when 2237060 is divided by 3011?
2898
Calculate the remainder when 52424 is divided by 7371.
827
Calculate the remainder when 114333 is divided by 153.
42
What is the remainder when 3150915 is divided by 8801?
157
Calculate the remainder when 543981 is divided by 1242.
1227
Calculate the remainder when 2187707 is divided by 109385.
7
Calculate the remainder when 11869 is divided by 5743.
383
Calculate the remainder when 82250 is divided by 4926.
3434
Calculate the remainder when 253866 is divided by 447.
417
Calculate the remainder when 57150 is divided by 1545.
1530
Calculate the remainder when 1083052 is divided by 82.
78
Calculate the remainder when 56045 is divided by 1745.
205
What is the remainder when 3166793 is divided by 1589?
1505
What is the remainder when 30035523 is divided by 156435?
3
What is the remainder when 253623 is divided by 262?
7
What is the remainder when 1855675 is divided by 6421?
6
Calculate the remainder when 1964929 is divided by 8851.
7
Calculate the remainder when 45760960 is divided by 228.
220
What is the remainder when 42810537 is divided by 12?
9
What is the remainder when 20540920 is divided by 3423482?
28
Calculate the remainder when 1769559 is divided by 589639.
642
What is the remainder when 213080 is divided by 623?
14
What is the remainder when 146794 is divided by 3187?
192
What is the remainder when 19062 is divided by 4457?
1234
What is the remainder when 14277269 is divided by 96468?
5
Calculate the remainder when 4826048 is divided by 11.
7
What is the remainder when 360062 is divided by 38?
12
Calculate the remainder when 4405461 is divided by 935.
676
What is the remainder when 3562058 is divided by 114905?
3
What is the remainder when 3985066 is divided by 1288?
1282
Calculate the remainder when 1706338 is divided by 2346.
796
Calculate the remainder when 167284 is divided by 141.
58
What is the remainder when 14770823 is divided by 7385382?
59
What is the remainder when 5223613 is d